
Calculate the remainder when 77 is divided by 19.
1
Calculate the remainder when 295 is divided by 27.
25
What is the remainder when 99 is divided by 54?
45
What is the remainder when 315 is divided by 23?
16
What is the remainder when 897 is divided by 300?
297
Calculate the remainder when 405 is divided by 11.
9
Calculate the remainder when 131 is divided by 25.
6
What is the remainder when 433 is divided by 111?
100
Calculate the remainder when 1051 is divided by 28.
15
What is the remainder when 94 is divided by 85?
9
What is the remainder when 32922 is divided by 11?
10
Calculate the remainder when 113 is divided by 52.
9
What is the remainder when 160 is divided by 11?
6
Calculate the remainder when 1144 is divided by 420.
304
Calculate the remainder when 46 is divided by 40.
6
What is the remainder when 1535 is divided by 70?
65
What is the remainder when 275 is divided by 132?
11
What is the remainder when 1741 is divided by 97?
92
Calculate the remainder when 535 is divided by 3.
1
What is the remainder when 953 is divided by 69?
56
What is the remainder when 150 is divided by 16?
6
Calculate the remainder when 197 is divided by 42.
29
What is the remainder when 883 is divided by 34?
33
What is the remainder when 128 is divided by 20?
8
Calculate the remainder when 1886 is divided by 24.
14
What is the remainder when 2015 is divided by 14?
13
Calculate the remainder when 398 is divided by 55.
13
What is the remainder when 172 is divided by 26?
16
What is the remainder when 259 is divided by 132?
127
What is the remainder when 7600 is divided by 1517?
15
What is the remainder when 8279 is divided by 202?
199
Calculate the remainder when 97 is divided by 9.
7
What is the remainder when 3135 is divided by 20?
15
Calculate the remainder when 112 is divided by 57.
55
Calculate the remainder when 319 is divided by 27.
22
Calculate the remainder when 341 is divided by 90.
71
Calculate the remainder when 2406 is divided by 73.
70
What is the remainder when 852 is divided by 420?
12
Calculate the remainder when 1036 is divided by 455.
126
Calculate the remainder when 152 is divided by 21.
5
What is the remainder when 30 is divided by 6?
0
What is the remainder when 20061 is divided by 32?
29
What is the remainder when 589 is divided by 33?
28
What is the remainder when 348 is divided by 28?
12
Calculate the remainder when 4626 is divided by 2304.
18
What is the remainder when 2828 is divided by 404?
0
Calculate the remainder when 926 is divided by 16.
14
Calculate the remainder when 2096 is divided by 20.
16
What is the remainder when 1592 is divided by 19?
15
What is the remainder when 228 is divided by 73?
9
Calculate the remainder when 1470 is divided by 105.
0
What is the remainder when 35 is divided by 10?
5
What is the remainder when 587 is divided by 33?
26
What is the remainder when 4727 is divided by 55?
52
Calculate the remainder when 149 is divided by 8.
5
Calculate the remainder when 88 is divided by 13.
10
What is the remainder when 94 is divided by 24?
22
What is the remainder when 1511 is divided by 16?
7
Calculate the remainder when 215 is divided by 21.
5
What is the remainder when 831 is divided by 164?
11
What is the remainder when 180 is divided by 64?
52
Calculate the remainder when 246 is divided by 13.
12
What is the remainder when 3531 is divided by 297?
264
Calculate the remainder when 33 is divided by 19.
14
What is the remainder when 2388 is divided by 200?
188
What is the remainder when 278 is divided by 31?
30
What is the remainder when 29 is divided by 8?
5
What is the remainder when 32 is divided by 17?
15
Calculate the remainder when 60 is divided by 10.
0
Calculate the remainder when 8134 is divided by 4064.
6
Calculate the remainder when 376 is divided by 63.
61
Calculate the remainder when 19791 is divided by 8.
7
What is the remainder when 572 is divided by 89?
38
Calculate the remainder when 2793 is divided by 97.
77
Calculate the remainder when 46 is divided by 7.
4
Calculate the remainder when 610 is divided by 88.
82
What is the remainder when 76 is divided by 31?
14
Calculate the remainder when 156 is divided by 47.
15
What is the remainder when 233 is divided by 82?
69
What is the remainder when 4091 is divided by 2?
1
Calculate the remainder when 92 is divided by 31.
30
What is the remainder when 202 is divided by 51?
49
Calculate the remainder when 1359 is divided by 40.
39
What is the remainder when 14377 is divided by 16?
9
Calculate the remainder when 520 is divided by 102.
10
Calculate the remainder when 3607 is divided by 44.
43
Calculate the remainder when 19533 is divided by 11.
8
What is the remainder when 154 is divided by 31?
30
Calculate the remainder when 142 is divided by 53.
36
What is the remainder when 666 is divided by 29?
28
Calculate the remainder when 11230 is divided by 1871.
4
What is the remainder when 62 is divided by 49?
13
What is the remainder when 15 is divided by 9?
6
What is the remainder when 336 is divided by 26?
24
Calculate the remainder when 543 is divided by 186.
171
What is the remainder when 635 is divided by 29?
26
Calculate the remainder when 1238 is divided by 141.
110
Calculate the remainder when 4197 is divided by 63.
39
What is the remainder when 90 is divided by 16?
10
What is the remainder when 629 is divided by 91?
83
Calculate the remainder when 529 is divided by 38.
35
What is the remainder when 5498 is divided by 20?
18
What is the remainder when 1598 is divided by 32?
30
What is the remainder when 1246 is divided by 48?
46
What is the remainder when 832 is divided by 49?
48
What is the remainder when 106 is divided by 11?
7
What is the remainder when 7523 is divided by 66?
65
What is the remainder when 546 is divided by 541?
5
What is the remainder when 128 is divided by 41?
5
What is the remainder when 959 is divided by 12?
11
Calculate the remainder when 152 is divided by 36.
8
What is the remainder when 283 is divided by 3?
1
Calculate the remainder when 557 is divided by 42.
11
Calculate the remainder when 788 is divided by 130.
8
What is the remainder when 115 is divided by 15?
10
Calculate the remainder when 4020 is divided by 4.
0
What is the remainder when 3021 is divided by 44?
29
Calculate the remainder when 19124 is divided by 17.
16
Calculate the remainder when 77 is divided by 32.
13
What is the remainder when 232 is divided by 62?
46
What is the remainder when 7557 is divided by 28?
25
What is the remainder when 1322 is divided by 656?
10
Calculate the remainder when 3171 is divided by 147.
84
What is the remainder when 804 is divided by 112?
20
What is the remainder when 74 is divided by 41?
33
Calculate the remainder when 551 is divided by 12.
11
What is the remainder when 591 is divided by 22?
19
What is the remainder when 180 is divided by 13?
11
Calculate the remainder when 609 is divided by 293.
23
What is the remainder when 296 is divided by 18?
8
What is the remainder when 57 is divided by 16?
9
What is the remainder when 2492 is divided by 208?
204
What is the remainder when 721 is divided by 71?
11
Calculate the remainder when 58 is divided by 21.
16
Calculate the remainder when 471 is divided by 60.
51
What is the remainder when 1560 is divided by 160?
120
What is the remainder when 55 is divided by 30?
25
What is the remainder when 390 is divided by 100?
90
What is the remainder when 239 is divided by 64?
47
What is the remainder when 147 is divided by 19?
14
What is the remainder when 2438 is divided by 97?
13
Calculate the remainder when 549 is divided by 50.
49
What is the remainder when 6415 is divided by 1068?
7
Calculate the remainder when 202 is divided by 69.
64
Calculate the remainder when 93 is divided by 77.
16
Calculate the remainder when 153 is divided by 26.
23
Calculate the remainder when 2414 is divided by 25.
14
What is the remainder when 306 is divided by 59?
11
What is the remainder when 1749 is divided by 45?
39
Calculate the remainder when 85 is divided by 8.
5
What is the remainder when 329 is divided by 326?
3
Calculate the remainder when 413 is divided by 111.
80
Calculate the remainder when 663 is divided by 64.
23
What is the remainder when 2876 is divided by 21?
20
What is the remainder when 